x(t) = -t**3 + 34*t**2 - 58*t + 5. Determine x(32).
197
Let a(y) = y**3 - 2*y**2 + 16*y - 32. Calculate a(3).
25
Let i(n) = n**3 + n**2 - 6*n - 8. Determine i(-5).
-78
Let k(p) = -p**3 + 4*p**2 + 69*p + 19. Determine k(11).
-69
Let y(n) = -n**3 + 11*n**2 + 12*n - 133. What is y(11)?
-1
Let z(k) = 491*k - 5463. Give z(11).
-62
Let c(w) = -323*w - 8077. Calculate c(-25).
-2
Let u(g) = 20*g**2 + 294*g - 96. What is u(-15)?
-6
Let d(v) = -v**3 - 16*v**2 - 66*v - 118. Determine d(-11).
3
Let d(y) = -3*y**2 + 103*y + 6885. What is d(68)?
17
Let h(z) = 1146*z - 10291. Give h(9).
23
Let y(l) = 312*l + 1212. Give y(-4).
-36
Let z(f) = 2375*f + 7166. What is z(-3)?
41
Let m(a) = 7*a + 184. Give m(-3).
163
Let j(n) = -3*n**2 - 40*n - 105. Give j(-8).
23
Let i(v) = v**3 + 7*v**2 - 19*v - 81. What is i(-8)?
7
Let w(i) = 13*i**2 - 121*i - 487. Give w(-4).
205
Let c(o) = 13*o**2 + 415*o - 464. Give c(-33).
-2
Let o(g) = 68*g + 211. Determine o(-4).
-61
Let x(l) = -47*l**2 - 21*l - 44. Determine x(-4).
-712
Let t(q) = q**3 - q**2 + 13*q - 114. Calculate t(0).
-114
Let l(h) = -4*h**2 + 63*h + 27. What is l(14)?
125
Let p(z) = -11*z - 76. Give p(8).
-164
Let s(l) = 8*l - 176. What is s(26)?
32
Let b(x) = -3*x**2 - 5*x + 30. Give b(-7).
-82
Let g(l) = 78*l**2 - 704*l + 20. What is g(9)?
2
Let o(m) = -25*m + 1510. Determine o(60).
10
Let u(m) = -1358*m - 2707. Determine u(-2).
9
Let r(s) = s**2 - 3*s - 22. Determine r(7).
6
Let v(c) = 681*c + 11566. Calculate v(-17).
-11
Let r(s) = -s**3 + 6*s**2 + 26*s - 5. Determine r(10).
-145
Let t(o) = o**3 + 3*o**2 - 72*o - 18. What is t(-10)?
2
Let q(n) = 21*n + 74. What is q(-10)?
-136
Let z(v) = 4*v**3 + 442*v**2 + 651*v - 328. What is z(-109)?
-1
Let l(p) = 34*p + 455. Calculate l(-9).
149
Let g(q) = -52*q - 7444. Calculate g(-143).
-8
Let p(q) = q**3 - 21*q**2 - 6*q + 491. Determine p(20).
-29
Let b(i) = 85*i - 2309. What is b(27)?
-14
Let c(z) = z**3 + 25*z**2 + 70*z - 24. Determine c(-21).
270
Let d(n) = -9*n - 90. What is d(-20)?
90
Let o(n) = -2*n**2 - 5*n + 27. Calculate o(-7).
-36
Let i(l) = -25*l**2 + 6*l - 2. Give i(-2).
-114
Let m(d) = -22*d + 2600. Determine m(118).
4
Let c(w) = w**2 - 38*w + 2. Give c(36).
-70
Let u(r) = -143*r + 9275. What is u(65)?
-20
Let u(w) = -6*w**2 - 93*w - 288. Calculate u(-6).
54
Let j(a) = -a**3 + 50*a**2 + 327*a - 19. What is j(-6)?
35
Let p(w) = 3*w**2 - 25*w + 2. What is p(2)?
-36
Let m(v) = -6*v**2 - 40*v + 40. What is m(-9)?
-86
Let s(c) = 2*c**3 + 95*c**2 - 29*c + 933. What is s(-48)?
21
Let l(t) = t**3 - 6*t + 12. Determine l(-4).
-28
Let t(k) = 450*k + 17637. Give t(-39).
87
Let k(s) = -2*s**2 - 113*s + 1864. What is k(-70)?
-26
Let w(l) = -l**3 - 67*l**2 + 72*l + 272. Determine w(-68).
0
Let j(l) = 592*l + 3006. Calculate j(-5).
46
Let d(g) = -3*g + 126. What is d(74)?
-96
Let n(t) = -277*t**2 + 3*t + 2. Calculate n(-1).
-278
Let s(f) = 19*f + 689. Calculate s(-36).
5
Let j(v) = -2*v**2 - 57*v + 261. Calculate j(4).
1
Let h(n) = -3*n**3 + 271*n**2 - 77*n - 1165. Determine h(90).
5
Let o(u) = u + 94. Give o(-22).
72
Let t(k) = 2*k**2 - 54*k - 1085. Calculate t(39).
-149
Let c(k) = 4*k**3 + 21*k**2 + k - 5. Calculate c(-5).
15
Let z(u) = u**3 + 6*u**2 - 75*u - 365. Calculate z(-9).
67
Let s(t) = -235*t + 236. What is s(1)?
1
Let w(r) = -r**3 + 24*r**2 - 51*r + 121. What is w(22)?
-33
Let a(c) = 4*c**2 - 3*c - 12. Calculate a(-3).
33
Let a(h) = -36*h**2 + h + 26. Calculate a(-1).
-11
Let m(z) = z**3 + 5*z**2 + 15*z + 52. Give m(-4).
8
Let p(v) = 40*v + 513. What is p(-15)?
-87
Let z(i) = 26*i + 334. Give z(-15).
-56
Let r(v) = 48*v - 5790. Calculate r(124).
162
Let k(r) = r**3 - 8*r**2 + 12*r - 32. Calculate k(7).
3
Let s(c) = 57*c + 250. Give s(-7).
-149
Let l(r) = r**2 + 18*r - 138. Give l(-24).
6
Let i(q) = q**2 - 14*q + 24. Calculate i(7).
-25
Let y(q) = 33*q + 59. Calculate y(-2).
-7
Let a(x) = 76*x + 10540. Determine a(-139).
-24
Let v(n) = n**3 + 2*n**2 - 8*n - 4. Give v(-4).
-4
Let c(l) = l**2 + 85*l + 1589. What is c(-56)?
-35
Let v(c) = c**2 + 157*c - 620. Determine v(4).
24
Let s(n) = -4*n**3 - 14*n**2 - 3*n - 19. Determine s(-3).
-28
Let b(t) = 2218*t - 8863. What is b(4)?
9
Let o(p) = -58*p - 69. Give o(-3).
105
Let j(g) = -194*g - 406. Give j(-2).
-18
Let j(n) = 20*n**2 - 6*n - 11. Determine j(-3).
187
Let a(o) = -o**2 - 3*o + 171. Give a(-16).
-37
Let l(a) = -a**2 - 31*a - 120. What is l(-4)?
-12
Let y(p) = -141*p + 193. Give y(1).
52
Let f(j) = 135*j + 2468. Give f(-16).
308
Let g(r) = -3*r - 108. Determine g(-19).
-51
Let i(t) = -t**3 - 23*t**2 - 33*t - 67. Calculate i(-21).
-256
Let i(j) = j**2 - 8*j - 77. What is i(-6)?
7
Let r(i) = 445*i + 2444. Determine r(-8).
-1116
Let n(i) = -i**3 + 7*i**2 + 48*i - 57. Determine n(11).
-13
Let a(l) = 13*l**2 + 129*l - 14. Calculate a(-11).
140
Let a(i) = 85*i + 156. Give a(3).
411
Let b(w) = w**2 + 41*w - 2443. What is b(33)?
-1
Let u(j) = j**2 - 50*j + 4. Calculate u(0).
4
Let q(l) = -l**3 - 91*l**2 - 1308*l + 444. Calculate q(-73).
6
Let n(j) = j**3 - 26*j**2 - 51*j - 57. Give n(28).
83
Let u(s) = -310*s - 1518. Calculate u(-4).
-278
Let y(v) = -v**3 + 5*v**2 + 6*v + 12. Give y(4).
52
Let y(s) = 4*s**2 + 496*s - 7126. Give y(13).
-2
Let q(r) = -62*r + 1666. Determine q(27).
-8
Let d(w) = 71*w**2 - 136*w + 4. Give d(2).
16
Let o(r) = -152*r - 29189. Calculate o(-192).
-5
Let g(s) = 29*s - 93. Give g(-4).
-209
Let o(t) = 3*t**2 + 253*t - 1671. What is o(7)?
247
Let q(b) = -b**2 - 34*b - 418. Give q(-21).
-145
Let v(s) = -128*s - 9586. Determine v(-75).
14
Let g(x) = -8*x**3 - 679*x**2 + 773*x - 87. Calculate g(-86).
-1
Let o(k) = -k**3 - 5*k**2 + 12*k + 31. Give o(-3).
-23
Let y(n) = -21*n + 7. What is y(8)?
-161
Let r(a) = 14*a - 126. Give r(0).
-126
Let c(s) = 104*s - 1554. Give c(15).
6
Let v(t) = t**2 + 71*t + 142. Determine v(-2).
4
Let f(m) = -2*m**2 + 39*m + 49. Give f(19).
68
Let k(v) = -v**3 + 26*v**2 + 4*v + 205. Give k(27).
-416
Let r(q) = -302*q - 2754. Calculate r(-9).
-36
Let l(n) = 10*n**2 + 75*n + 3. Give l(-8).
43
Let g(b) = 1643*b + 6597. What is g(-4)?
25
Let g(p) = -2*p**3 - 15*p**2 - 15*p - 80. Give g(-6).
-98
Let t(b) = 5*b**3 - 36*b**2 - 81*b - 3. Determine t(9).
-3
Let g(q) = -2*q**2 + 36*q - 166. Determine g(9).
-4
Let a(w) = -w**2 - 43*w + 355. What is a(-50)?
5
Let a(l) = 2*l**2 - 67*l + 378. Determine a(20).
-162
Let u(r) = 53*r + 115. Determine u(-7).
-256
Let f(y) = y**3 - 9*y**2 - 35*y - 18. What is f(12)?
-6
Let h(l) = 3*l**2 - 174*l - 7914. Calculate h(-30).
6
Let l(w) = -w**3 - 6*w**2 + 1216*w + 7299. Give l(-6).
3
Let g(h) = 86*h + 1310. Determine g(-15).
20
Let r(p) = 3*p - 131. Give r(-29).
-218
Let u(s) = 40*s + 70. What is u(-1)?
30
Let d(k) = -31*k**2 - 449*k - 615. Calculate d(-13).
-17
Let g(n) = n**3 - 12*n**2 + 59*n - 132. What is g(13)?
804
Let r(k) = k**2 - 24*k + 31. Calculate r(23).
8
Let n(x) = 3*x**3 - 65*x**2 + 99*x + 32. Determine n(20).
12
Let s(i) = -i**2 + 55*i + 9154. Give s(-72).
10
Let w(c) = 1040*c + 10417. Give w(-10).
17
Let b(v) = -v**2 + 9*v + 369. Give b(-16).
-31
Let m(g) = 3*g**2 + 3*g + 168. What is m(-9)?
384
Let j(l) = 32*l - 653. Give j(22).
51
Let n(i) = -31*i**3 + 7*i**2 + i - 8. Determine n(-2).
266
Let q(d) = -d**3 - 27*d**2 + 32*d + 69. Give q(-28).
-43
Let s(g) = -g**3 - 13*g**2 - 20*g - 1. Calculate s(-11).
-23
Let r(h) = -1175*h - 3505. What is r(-3)?
20
Let d(b) = 97*b + 3230. What is d(-31)?
223
Let t(n) = -n**2 - 40*n + 341. Give t(8).
-43
Let l(n) = -n**3 + 6*n**2 + 47*n - 225. What is l(4)?
-5
Let r(u) = u**2 - 120*u - 597. Determine r(-5).
28
Let l(m) = m**3 - 7*m**2 + 12*m - 17. What is l(3)?
-17
Let u(y) = -104*y + 40. Give u(0).
40
Let j(k) = -33*k**2 - 530*k - 15. What is j(-16)?
17
Let p(r) = -11*r + 207. Give p(14).
53
Let b(n) = -7*n + 156. Give b(8).
100
Let y(c) = 19*c + 127. Calculate y(-11).
-82
Let i(j) = j**3 + 17*j**2 + 72*j + 149. What is i(-12)?
5
Let y(v) = 15*v**2 - 9*v + 34. Give y(4).
238
Let s(l) = 11*l**2 + 25*l + 93. Determine s(-4).
169
Let b(g) = g**3 - 71*g**2 + 4*g - 273. Determine b(71).
11
Let h(w) = 2*w**2 - 74*w + 171. Give h(37).
171
Let q(p) = -3*p**3 - 6*p**2 - p + 14. Calculate q(-6).
452
Let l(z) = 9*z**3 + 31*z**2 + 19*z - 14. Determine l(-2).
0
Let y(k) = -21*k - 222. Determine y(-9).
-33
Let 